{"id":935,"date":"2021-02-13T14:08:41","date_gmt":"2021-02-13T17:08:41","guid":{"rendered":"https:\/\/www.trltransportes.com.br\/?page_id=935"},"modified":"2021-02-26T12:03:35","modified_gmt":"2021-02-26T15:03:35","slug":"estrutura","status":"publish","type":"page","link":"https:\/\/www.trltransportes.com.br\/index.php\/estrutura\/","title":{"rendered":"Estrutura"},"content":{"rendered":"<div id=\"pl-935\"  class=\"panel-layout\" ><div id=\"pg-935-0\"  class=\"panel-grid panel-no-style\" ><div id=\"pgc-935-0-0\"  class=\"panel-grid-cell\" ><div id=\"panel-935-0-0-0\" class=\"so-panel widget widget_black-studio-tinymce widget_black_studio_tinymce panel-first-child panel-last-child\" data-index=\"0\" ><div class=\"textwidget\"><h2>Qualifica\u00e7\u00e3o e bem estar que faz a diferen\u00e7a<\/h2>\n<p style=\"text-align: justify;\">Toda a equipe da TRL Transportes \u00e9 qualificada atrav\u00e9s de um rigoroso processo de sele\u00e7\u00e3o, que vai desde a entrega do curr\u00edculo, a entrevista com psic\u00f3logos e gerenciamento de risco.<\/p>\n<p style=\"text-align: justify;\">A TRL investe constantemente na reciclagem e aperfei\u00e7oamento de seus profissionais propondo aos mesmos, cursos de atualiza\u00e7\u00e3o de t\u00e9cnicas de transporte.<\/p>\n<p style=\"text-align: justify;\">A Empresa tamb\u00e9m investe no privil\u00e9gio da vida pessoal de seus colaboradores em sua \u00e1rea familiar, tendo todos, inclusive os motoristas, os finais de semanas com suas fam\u00edlias, assegurando ao mesmo todos os benef\u00edcios como plano de sa\u00fade e seguro de vida.<\/p>\n<h2>Tecnologia e Seguran\u00e7a<\/h2>\n<p style=\"text-align: justify;\">Contamos com uma estrutura de tecnologia atualizada usando sempre ve\u00edculos rastreados e monitorados.<br \/>\nToda empresa \u00e9 automatizada agilizando assim a transmiss\u00e3o de dados e Emiss\u00e3o de conhecimentos de Frete Eletr\u00f4nicamente<br \/>\ntendo assim agilidade na entrega do produto.<\/p>\n<p style=\"text-align: justify;\">Utilizamos uma infra estrutura moderna composta tecnologicamente por servidores e equipamentos DELL de at\u00e9 5 anos de uso. Mantendo sempre a seguran\u00e7a da informa\u00e7\u00e3o de nossos clientes uma prioridade e um diferencial. Todos os nossos ve\u00edculos possuem poucos anos de uso e suas revis\u00f5es corretivas e preventivas s\u00e3o executadas apenas em assist\u00eancia t\u00e9cnica autorizada.<\/p>\n<p style=\"text-align: justify;\">Todos os motorista possuem certificado e credenciais GOLDEN SERVICE que gerencia todos os riscos e certifica nossos profissionais. Nossos colaboradores s\u00e3o submetidos a cursos de reciclagem periodicamente al\u00e9m de treinamentos em SST.<\/p>\n<\/div><\/div><\/div><div id=\"pgc-935-0-1\"  class=\"panel-grid-cell\" ><div id=\"panel-935-0-1-0\" class=\"so-panel widget widget_black-studio-tinymce widget_black_studio_tinymce panel-first-child panel-last-child\" data-index=\"1\" ><div class=\"textwidget\"><p><a href=\"https:\/\/www.trltransportes.com.br\/wp-content\/uploads\/2021\/02\/tecnico.png\"><img class=\"alignnone size-full wp-image-35\" src=\"https:\/\/www.trltransportes.com.br\/wp-content\/uploads\/2021\/02\/tecnico.png\" alt=\"5\" width=\"848\" height=\"480\" \/><\/a><\/p>\n<p><a href=\"https:\/\/www.trltransportes.com.br\/wp-content\/uploads\/2021\/02\/pequeno_medio_porte.jpg\"><img class=\"alignnone size-full wp-image-64\" src=\"https:\/\/www.trltransportes.com.br\/wp-content\/uploads\/2021\/02\/pequeno_medio_porte.jpg\" alt=\"34\" width=\"848\" height=\"480\" \/><\/a><\/p>\n<\/div><\/div><\/div><\/div><div id=\"pg-935-1\"  class=\"panel-grid panel-has-style\" ><div class=\"siteorigin-panels-stretch panel-row-style panel-row-style-for-935-1\" data-stretch-type=\"full\" ><div id=\"pgc-935-1-0\"  class=\"panel-grid-cell\" ><div id=\"panel-935-1-0-0\" class=\"so-panel widget widget_pw_call_to_action widget-call-to-action panel-first-child panel-last-child\" data-index=\"2\" ><div class=\"panel-widget-style panel-widget-style-for-935-1-0-0\" >\t\t\t\t<div class=\"call-to-action\">\n\t\t\t\t\t<div class=\"call-to-action__text\">\n\t\t\t\t\t\tSOLICITE SEU OR\u00c7AMENTO DE FRETE AGORA\t\t\t\t\t<\/div>\n\t\t\t\t\t<div class=\"call-to-action__button\">\n\t\t\t\t\t\t<a class=\"btn    btn-primary\" href=\"#contato\" target=\"_self\">BUSCA FRETE<\/a>\t\t\t\t\t<\/div>\n\t\t\t\t<\/div>\n\t\t\t<\/div><\/div><\/div><\/div><\/div><div id=\"pg-935-2\"  class=\"panel-grid panel-has-style\" ><div class=\"contato panel-row-style panel-row-style-for-935-2\" id=\"contato\" ><div id=\"pgc-935-2-0\"  class=\"panel-grid-cell\" ><div id=\"panel-935-2-0-0\" class=\"so-panel widget widget_black-studio-tinymce widget_black_studio_tinymce panel-first-child\" data-index=\"3\" ><div class=\"textwidget\"><h3>SOLICITE SEU OR\u00c7AMENTO<\/h3>\n<\/div><\/div><div id=\"panel-935-2-0-1\" class=\"so-panel widget widget_black-studio-tinymce widget_black_studio_tinymce panel-last-child\" data-index=\"4\" ><div class=\"textwidget\"><p><div role=\"form\" class=\"wpcf7\" id=\"wpcf7-f313-o1\" lang=\"en-US\" dir=\"ltr\">\n<div class=\"screen-reader-response\"><p role=\"status\" aria-live=\"polite\" aria-atomic=\"true\"><\/p> <ul><\/ul><\/div>\n<form action=\"\/index.php\/wp-json\/wp\/v2\/pages\/935#wpcf7-f313-o1\" method=\"post\" class=\"wpcf7-form init\" novalidate=\"novalidate\" data-status=\"init\">\n<div style=\"display: none;\">\n<input type=\"hidden\" name=\"_wpcf7\" value=\"313\" \/>\n<input type=\"hidden\" name=\"_wpcf7_version\" value=\"5.4\" \/>\n<input type=\"hidden\" name=\"_wpcf7_locale\" value=\"en_US\" \/>\n<input type=\"hidden\" name=\"_wpcf7_unit_tag\" value=\"wpcf7-f313-o1\" \/>\n<input type=\"hidden\" name=\"_wpcf7_container_post\" value=\"0\" \/>\n<input type=\"hidden\" name=\"_wpcf7_posted_data_hash\" value=\"\" \/>\n<\/div>\n<div class=\"contact-form-small\">\n<div class=\"row\">\n<div class=\"col-xs-12  col-md-6\">\n      <span class=\"wpcf7-form-control-wrap your-name\"><input type=\"text\" name=\"your-name\" value=\"\" size=\"40\" class=\"wpcf7-form-control wpcf7-text wpcf7-validates-as-required\" aria-required=\"true\" aria-invalid=\"false\" placeholder=\"Nome de Contato\" \/><\/span><br \/>\n      <span class=\"wpcf7-form-control-wrap your-email\"><input type=\"email\" name=\"your-email\" value=\"\" size=\"40\" class=\"wpcf7-form-control wpcf7-text wpcf7-email wpcf7-validates-as-required wpcf7-validates-as-email\" aria-required=\"true\" aria-invalid=\"false\" placeholder=\"Email de Contato\" \/><\/span><br \/>\n      <span class=\"wpcf7-form-control-wrap select-origem\"><select name=\"select-origem\" class=\"wpcf7-form-control wpcf7-select wpcf7-validates-as-required\" aria-required=\"true\" aria-invalid=\"false\"><option value=\"Informe a Origem\">Informe a Origem<\/option><option value=\"Noroeste ES\">Noroeste ES<\/option><option value=\"Litoral Norte ES\">Litoral Norte ES<\/option><option value=\"Central ES\">Central ES<\/option><option value=\"Sul ES\">Sul ES<\/option><option value=\"Regi\u00e3o Noroeste RJ\">Regi\u00e3o Noroeste RJ<\/option><option value=\"Regi\u00e3o Norte RJ\">Regi\u00e3o Norte RJ<\/option><option value=\"Regi\u00e3o Serrana RJ\">Regi\u00e3o Serrana RJ<\/option><option value=\"Baixadas Litor\u00e2nea RJ Regi\u00e3o M\u00e9dio Para\u00edba RJ\">Baixadas Litor\u00e2nea RJ Regi\u00e3o M\u00e9dio Para\u00edba RJ<\/option><option value=\"Regi\u00e3o Centro-Sul RJ Regi\u00e3o da Costa Verde RJ\">Regi\u00e3o Centro-Sul RJ Regi\u00e3o da Costa Verde RJ<\/option><option value=\"Alto Parana\u00edba MG\">Alto Parana\u00edba MG<\/option><option value=\"Central MG\">Central MG<\/option><option value=\"Centro-Oeste MG\">Centro-Oeste MG<\/option><option value=\"Jequitinhonha\/Mucuri MG\">Jequitinhonha\/Mucuri MG<\/option><option value=\"Zona da Mata MG\">Zona da Mata MG<\/option><option value=\"Noroeste MG\">Noroeste MG<\/option><option value=\"Norte MG\">Norte MG<\/option><option value=\"Rio Doce MG\">Rio Doce MG<\/option><\/select><\/span><br \/>\n      <span class=\"wpcf7-form-control-wrap select-destino\"><select name=\"select-destino\" class=\"wpcf7-form-control wpcf7-select wpcf7-validates-as-required\" aria-required=\"true\" aria-invalid=\"false\"><option value=\"Informe o Destino\">Informe o Destino<\/option><option value=\"Noroeste ES\">Noroeste ES<\/option><option value=\"Litoral Norte ES\">Litoral Norte ES<\/option><option value=\"Central ES\">Central ES<\/option><option value=\"Sul ES\">Sul ES<\/option><option value=\"Regi\u00e3o Noroeste RJ\">Regi\u00e3o Noroeste RJ<\/option><option value=\"Regi\u00e3o Norte RJ\">Regi\u00e3o Norte RJ<\/option><option value=\"Regi\u00e3o Serrana RJ\">Regi\u00e3o Serrana RJ<\/option><option value=\"Baixadas Litor\u00e2nea RJ Regi\u00e3o M\u00e9dio Para\u00edba RJ\">Baixadas Litor\u00e2nea RJ Regi\u00e3o M\u00e9dio Para\u00edba RJ<\/option><option value=\"Regi\u00e3o Centro-Sul RJ Regi\u00e3o da Costa Verde RJ\">Regi\u00e3o Centro-Sul RJ Regi\u00e3o da Costa Verde RJ<\/option><option value=\"Alto Parana\u00edba MG\">Alto Parana\u00edba MG<\/option><option value=\"Central MG\">Central MG<\/option><option value=\"Centro-Oeste MG\">Centro-Oeste MG<\/option><option value=\"Jequitinhonha\/Mucuri MG\">Jequitinhonha\/Mucuri MG<\/option><option value=\"Zona da Mata MG\">Zona da Mata MG<\/option><option value=\"Noroeste MG\">Noroeste MG<\/option><option value=\"Norte MG\">Norte MG<\/option><option value=\"Rio Doce MG\">Rio Doce MG<\/option><\/select><\/span>\n    <\/div>\n<div class=\"col-xs-12  col-md-6\">\n        <span class=\"wpcf7-form-control-wrap telefone\"><input type=\"tel\" name=\"telefone\" value=\"Telefone Contato\" size=\"40\" class=\"wpcf7-form-control wpcf7-text wpcf7-tel wpcf7-validates-as-required wpcf7-validates-as-tel\" aria-required=\"true\" aria-invalid=\"false\" \/><\/span><br \/>\n        <span class=\"wpcf7-form-control-wrap your-message\"><textarea name=\"your-message\" cols=\"40\" rows=\"10\" class=\"wpcf7-form-control wpcf7-textarea\" aria-invalid=\"false\" placeholder=\"Informe Maiores Detalhes\"><\/textarea><\/span>\n    <\/div>\n<div class=\"col-xs-12  col-md-12\">\n      <input type=\"submit\" value=\"ENVIAR\" class=\"wpcf7-form-control wpcf7-submit btn btn-primary pull-right\" \/>\n    <\/div>\n<\/div>\n<\/div>\n<div class=\"wpcf7-response-output\" aria-hidden=\"true\"><\/div><\/form><\/div><\/p>\n<\/div><\/div><\/div><\/div><\/div><\/div>","protected":false},"excerpt":{"rendered":"<p>Qualifica\u00e7\u00e3o e bem estar que faz a diferen\u00e7a Toda a equipe da TRL Transportes \u00e9 qualificada atrav\u00e9s de um rigoroso processo de sele\u00e7\u00e3o, que vai desde a entrega do curr\u00edculo, a entrevista com psic\u00f3logos e gerenciamento de risco. A TRL investe constantemente na reciclagem e aperfei\u00e7oamento de seus profissionais propondo aos mesmos, cursos de atualiza\u00e7\u00e3o &hellip;<\/p>\n","protected":false},"author":1,"featured_media":0,"parent":0,"menu_order":0,"comment_status":"closed","ping_status":"open","template":"","meta":[],"_links":{"self":[{"href":"https:\/\/www.trltransportes.com.br\/index.php\/wp-json\/wp\/v2\/pages\/935"}],"collection":[{"href":"https:\/\/www.trltransportes.com.br\/index.php\/wp-json\/wp\/v2\/pages"}],"about":[{"href":"https:\/\/www.trltransportes.com.br\/index.php\/wp-json\/wp\/v2\/types\/page"}],"author":[{"embeddable":true,"href":"https:\/\/www.trltransportes.com.br\/index.php\/wp-json\/wp\/v2\/users\/1"}],"replies":[{"embeddable":true,"href":"https:\/\/www.trltransportes.com.br\/index.php\/wp-json\/wp\/v2\/comments?post=935"}],"version-history":[{"count":14,"href":"https:\/\/www.trltransportes.com.br\/index.php\/wp-json\/wp\/v2\/pages\/935\/revisions"}],"predecessor-version":[{"id":1083,"href":"https:\/\/www.trltransportes.com.br\/index.php\/wp-json\/wp\/v2\/pages\/935\/revisions\/1083"}],"wp:attachment":[{"href":"https:\/\/www.trltransportes.com.br\/index.php\/wp-json\/wp\/v2\/media?parent=935"}],"curies":[{"name":"wp","href":"https:\/\/api.w.org\/{rel}","templated":true}]}}

<div id="pl-935"  class="panel-layout" ><div id="pg-935-0"  class="panel-grid panel-no-style" ><div id="pgc-935-0-0"  class="panel-grid-cell" ><div id="panel-935-0-0-0" class="so-panel widget widget_black-studio-tinymce widget_black_studio_tinymce panel-first-child panel-last-child" data-index="0" ><div class="textwidget"><h2>Qualificação e bem estar que faz a diferença</h2>
<p style="text-align: justify;">Toda a equipe da TRL Transportes é qualificada através de um rigoroso processo de seleção, que vai desde a entrega do currículo, a entrevista com psicólogos e gerenciamento de risco.</p>
<p style="text-align: justify;">A TRL investe constantemente na reciclagem e aperfeiçoamento de seus profissionais propondo aos mesmos, cursos de atualização de técnicas de transporte.</p>
<p style="text-align: justify;">A Empresa também investe no privilégio da vida pessoal de seus colaboradores em sua área familiar, tendo todos, inclusive os motoristas, os finais de semanas com suas famílias, assegurando ao mesmo todos os benefícios como plano de saúde e seguro de vida.</p>
<h2>Tecnologia e Segurança</h2>
<p style="text-align: justify;">Contamos com uma estrutura de tecnologia atualizada usando sempre veículos rastreados e monitorados.<br />
Toda empresa é automatizada agilizando assim a transmissão de dados e Emissão de conhecimentos de Frete Eletrônicamente<br />
tendo assim agilidade na entrega do produto.</p>
<p style="text-align: justify;">Utilizamos uma infra estrutura moderna composta tecnologicamente por servidores e equipamentos DELL de até 5 anos de uso. Mantendo sempre a segurança da informação de nossos clientes uma prioridade e um diferencial. Todos os nossos veículos possuem poucos anos de uso e suas revisões corretivas e preventivas são executadas apenas em assistência técnica autorizada.</p>
<p style="text-align: justify;">Todos os motorista possuem certificado e credenciais GOLDEN SERVICE que gerencia todos os riscos e certifica nossos profissionais. Nossos colaboradores são submetidos a cursos de reciclagem periodicamente além de treinamentos em SST.</p>
</div></div></div><div id="pgc-935-0-1"  class="panel-grid-cell" ><div id="panel-935-0-1-0" class="so-panel widget widget_black-studio-tinymce widget_black_studio_tinymce panel-first-child panel-last-child" data-index="1" ><div class="textwidget"><p><a href="https://www.trltransportes.com.br/wp-content/uploads/2021/02/tecnico.png"><img class="alignnone size-full wp-image-35" src="https://www.trltransportes.com.br/wp-content/uploads/2021/02/tecnico.png" alt="5" width="848" height="480" /></a></p>
<p><a href="https://www.trltransportes.com.br/wp-content/uploads/2021/02/pequeno_medio_porte.jpg"><img class="alignnone size-full wp-image-64" src="https://www.trltransportes.com.br/wp-content/uploads/2021/02/pequeno_medio_porte.jpg" alt="34" width="848" height="480" /></a></p>
</div></div></div></div><div id="pg-935-1"  class="panel-grid panel-has-style" ><div class="siteorigin-panels-stretch panel-row-style panel-row-style-for-935-1" data-stretch-type="full" ><div id="pgc-935-1-0"  class="panel-grid-cell" ><div id="panel-935-1-0-0" class="so-panel widget widget_pw_call_to_action widget-call-to-action panel-first-child panel-last-child" data-index="2" ><div class="panel-widget-style panel-widget-style-for-935-1-0-0" >				<div class="call-to-action">
					<div class="call-to-action__text">
						SOLICITE SEU ORÇAMENTO DE FRETE AGORA					</div>
					<div class="call-to-action__button">
						<a class="btn    btn-primary" href="#contato" target="_self">BUSCA FRETE</a>					</div>
				</div>
			</div></div></div></div></div><div id="pg-935-2"  class="panel-grid panel-has-style" ><div class="contato panel-row-style panel-row-style-for-935-2" id="contato" ><div id="pgc-935-2-0"  class="panel-grid-cell" ><div id="panel-935-2-0-0" class="so-panel widget widget_black-studio-tinymce widget_black_studio_tinymce panel-first-child" data-index="3" ><div class="textwidget"><h3>SOLICITE SEU ORÇAMENTO</h3>
</div></div><div id="panel-935-2-0-1" class="so-panel widget widget_black-studio-tinymce widget_black_studio_tinymce panel-last-child" data-index="4" ><div class="textwidget"><p><div role="form" class="wpcf7" id="wpcf7-f313-o1" lang="en-US" dir="ltr">
<div class="screen-reader-response"><p role="status" aria-live="polite" aria-atomic="true"></p> <ul></ul></div>
<form action="/index.php/wp-json/wp/v2/pages/935#wpcf7-f313-o1" method="post" class="wpcf7-form init" novalidate="novalidate" data-status="init">
<div style="display: none;">
<input type="hidden" name="_wpcf7" value="313" />
<input type="hidden" name="_wpcf7_version" value="5.4" />
<input type="hidden" name="_wpcf7_locale" value="en_US" />
<input type="hidden" name="_wpcf7_unit_tag" value="wpcf7-f313-o1" />
<input type="hidden" name="_wpcf7_container_post" value="0" />
<input type="hidden" name="_wpcf7_posted_data_hash" value="" />
</div>
<div class="contact-form-small">
<div class="row">
<div class="col-xs-12  col-md-6">
      <span class="wpcf7-form-control-wrap your-name"><input type="text" name="your-name" value="" size="40" class="wpcf7-form-control wpcf7-text wpcf7-validates-as-required" aria-required="true" aria-invalid="false" placeholder="Nome de Contato" /></span><br />
      <span class="wpcf7-form-control-wrap your-email"><input type="email" name="your-email" value="" size="40" class="wpcf7-form-control wpcf7-text wpcf7-email wpcf7-validates-as-required wpcf7-validates-as-email" aria-required="true" aria-invalid="false" placeholder="Email de Contato" /></span><br />
      <span class="wpcf7-form-control-wrap select-origem"><select name="select-origem" class="wpcf7-form-control wpcf7-select wpcf7-validates-as-required" aria-required="true" aria-invalid="false"><option value="Informe a Origem">Informe a Origem</option><option value="Noroeste ES">Noroeste ES</option><option value="Litoral Norte ES">Litoral Norte ES</option><option value="Central ES">Central ES</option><option value="Sul ES">Sul ES</option><option value="Região Noroeste RJ">Região Noroeste RJ</option><option value="Região Norte RJ">Região Norte RJ</option><option value="Região Serrana RJ">Região Serrana RJ</option><option value="Baixadas Litorânea RJ Região Médio Paraíba RJ">Baixadas Litorânea RJ Região Médio Paraíba RJ</option><option value="Região Centro-Sul RJ Região da Costa Verde RJ">Região Centro-Sul RJ Região da Costa Verde RJ</option><option value="Alto Paranaíba MG">Alto Paranaíba MG</option><option value="Central MG">Central MG</option><option value="Centro-Oeste MG">Centro-Oeste MG</option><option value="Jequitinhonha/Mucuri MG">Jequitinhonha/Mucuri MG</option><option value="Zona da Mata MG">Zona da Mata MG</option><option value="Noroeste MG">Noroeste MG</option><option value="Norte MG">Norte MG</option><option value="Rio Doce MG">Rio Doce MG</option></select></span><br />
      <span class="wpcf7-form-control-wrap select-destino"><select name="select-destino" class="wpcf7-form-control wpcf7-select wpcf7-validates-as-required" aria-required="true" aria-invalid="false"><option value="Informe o Destino">Informe o Destino</option><option value="Noroeste ES">Noroeste ES</option><option value="Litoral Norte ES">Litoral Norte ES</option><option value="Central ES">Central ES</option><option value="Sul ES">Sul ES</option><option value="Região Noroeste RJ">Região Noroeste RJ</option><option value="Região Norte RJ">Região Norte RJ</option><option value="Região Serrana RJ">Região Serrana RJ</option><option value="Baixadas Litorânea RJ Região Médio Paraíba RJ">Baixadas Litorânea RJ Região Médio Paraíba RJ</option><option value="Região Centro-Sul RJ Região da Costa Verde RJ">Região Centro-Sul RJ Região da Costa Verde RJ</option><option value="Alto Paranaíba MG">Alto Paranaíba MG</option><option value="Central MG">Central MG</option><option value="Centro-Oeste MG">Centro-Oeste MG</option><option value="Jequitinhonha/Mucuri MG">Jequitinhonha/Mucuri MG</option><option value="Zona da Mata MG">Zona da Mata MG</option><option value="Noroeste MG">Noroeste MG</option><option value="Norte MG">Norte MG</option><option value="Rio Doce MG">Rio Doce MG</option></select></span>
    </div>
<div class="col-xs-12  col-md-6">
        <span class="wpcf7-form-control-wrap telefone"><input type="tel" name="telefone" value="Telefone Contato" size="40" class="wpcf7-form-control wpcf7-text wpcf7-tel wpcf7-validates-as-required wpcf7-validates-as-tel" aria-required="true" aria-invalid="false" /></span><br />
        <span class="wpcf7-form-control-wrap your-message"><textarea name="your-message" cols="40" rows="10" class="wpcf7-form-control wpcf7-textarea" aria-invalid="false" placeholder="Informe Maiores Detalhes"></textarea></span>
    </div>
<div class="col-xs-12  col-md-12">
      <input type="submit" value="ENVIAR" class="wpcf7-form-control wpcf7-submit btn btn-primary pull-right" />
    </div>
</div>
</div>
<div class="wpcf7-response-output" aria-hidden="true"></div></form></div></p>
</div></div></div></div></div></div>

<p>Qualificação e bem estar que faz a diferença Toda a equipe da TRL Transportes é qualificada através de um rigoroso processo de seleção, que vai desde a entrega do currículo, a entrevista com psicólogos e gerenciamento de risco. A TRL investe constantemente na reciclagem e aperfeiçoamento de seus profissionais propondo aos mesmos, cursos de atualização &hellip;</p>
